 factor of h and m?
3
Let z(o) = -30*o + 41*o - 8 + o**2 - 2*o**2. Let j be z(9). Suppose -3*d - 175 = -2*p - 4*d, -5*p = 5*d - 425. What is the greatest common divisor of j and p?
10
Suppose -3*j = k - 13, 5*k - 14 = j + j. Suppose 4*b - 46 = -5*x, 0 = 3*x + j + 3. What is the highest common factor of b and 7?
7
Let h(o) = o**3 - 7*o**2 - 24*o + 175. Let n be h(7). Let g be (-1*2)/2 + 29. Calculate the greatest common factor of g and n.
7
Let z be (-13 - 1)*14/(-28). Let x(k) = -k**3 + 10*k**2 - 6*k. Let n be x(z). Calculate the greatest common factor of n and 42.
21
Let v = -1128 + 1156. What is the greatest common factor of v and 147?
7
Let z(j) = -96*j + 3. Let l be z(-4). Calculate the greatest common divisor of l and 18.
9
Let i = 315 + -255. What is the highest common divisor of i and 24?
12
Let v(w) = -w**2 - 17*w + 39. Let f be 18*(3 - 4)*1. Let i be v(f). Let b = -193 - -361. What is the highest common factor of i and b?
21
Suppose 0 = 2*v + 5 + 1, -5*t + 5*v = -90. Let a be 268/6 + 5/t. Calculate the greatest common factor of a and 30.
15
Suppose 0 = -8*g + 270 + 138. Let w = 40 - 23. What is the highest common factor of w and g?
17
Suppose -11*p + 24 = -86. Let f = 112 - 2. What is the highest common factor of p and f?
10
Let n(h) = -h**2 - 10*h + 12. Let x be n(-6). Let g(r) = r**2 - 7*r - 18. Let i be g(18). Calculate the greatest common factor of x and i.
36
Let n be 1764/210*20/6. Calculate the greatest common factor of 44 and n.
4
Let p(x) = x**3 + 22*x**2 - x - 18. Let a be p(-22). Suppose 0 = -2*u - a*q + 13 - 3, 4*u - 3*q - 42 = 0. What is the greatest common factor of u and 81?
9
Suppose 0 = -3*v - q + 36, -2*q = -3*v - 5*q + 36. Suppose -73*h + 2*f - 32 = -79*h, 4*h = 4*f. What is the greatest common factor of h and v?
4
Let o(s) = -6*s - 126. Let h be o(-26). What is the highest common factor of h and 585?
15
Let x be (2 + -1)/((-1)/(-27)). Suppose -5*c + 1168 = 4*m, c = -m - 2*c + 285. Calculate the greatest common factor of x and m.
27
Let z = -3 - -15. Suppose -z*j + 9*j = 0. Suppose 5*i + 4*q - 936 = -j*i, 2*i = -q + 372. What is the greatest common divisor of i and 23?
23
Suppose 5*p + 4*a + 634 - 2186 = 0, -2*p - 5*a + 631 = 0. What is the greatest common factor of p and 28?
28
Let s be -4*3/(-24)*84. Let i(v) = -25*v - 1. Let m be i(-1). Let p = m + 4. Calculate the highest common divisor of s and p.
14
Let s = 33 + -17. Calculate the greatest common factor of s and 1056.
16
Let z(k) = 5*k**2 + 5*k - 54. Let m be z(5). What is the greatest common factor of m and 720?
48
Let k be 108/6 - ((3 - 3) + 4). What is the highest common divisor of k and 406?
14
Let d(n) = -153*n - 405. Let i be d(-6). What is the greatest common divisor of 108 and i?
27
Let p(y) = -y + 10. Let h = 51 - 47. Let k be p(h). Calculate the highest common factor of 12 and k.
6
Let l = 1440 - 1436. Let x(j) be the first derivative of 37*j**4/4 - j**2/2 + 2. Let c be x(1). Calculate the highest common divisor of l and c.
4
Suppose 0 = 11*u - 8*u - 15. What is the greatest common divisor of 4 and u?
1
Let o be 60/21*14/12*39. What is the greatest common divisor of 26 and o?
26
Let g = 973 + -443. What is the highest common divisor of 53 and g?
53
Suppose -4*l - 1 = -3*j, -2*l - 8 = -5*j + 3. Let n be l/6 - 440/(-30). Suppose t - 2*o = 5, 5*o + 10 = t + t. Calculate the greatest common factor of n and t.
5
Suppose 277 = -9*i + 421. What is the highest common factor of i and 1608?
8
Let y = -216 + 312. Suppose -2*k + y = -2*t, 4*t + 0*t + 12 = 0. Suppose x - 31 = -2*x - 4*a, 3*x - 29 = -2*a. Calculate the greatest common divisor of k and x.
9
Let u(f) = f**2 + 5*f - 15. Let n(h) = -h**2 + 8*h - 9. Let j be n(7). Let w be (-33)/12*8/j. Let q be u(w). Calculate the greatest common factor of q and 23.
23
Let t(z) = 64*z - 1. Suppose 4*l - 3 = -2*a + 3*a, 5*l = -5*a - 65. Let k = a + 12. Let o be t(k). What is the highest common factor of 7 and o?
7
Let c = 351 - 332. Calculate the greatest common divisor of 1 and c.
1
Let u(g) = -7*g - 149. Let m be u(-25). What is the highest common divisor of 26 and m?
26
Suppose 68*m - 2202 = 1878. What is the highest common divisor of m and 36?
12
Suppose -2*v + 65 + 46 = z, -2*z = -5*v + 264. What is the greatest common divisor of 324 and v?
54
Suppose -6*y = -y - 275. Suppose 0*p - 10 = -2*p. Suppose -j = p*g - 5*j - 106, 4*g + 5*j - 93 = 0. Calculate the greatest common divisor of g and y.
11
Let c = -51 - -35. Let j be -2*4/(c/14). Suppose -5*n + 0 + 35 = 0. What is the highest common divisor of j and n?
7
Let o be 12/(-7)*((-4 - 19) + 2). What is the greatest common divisor of 396 and o?
36
Let b be (1*6)/(9/6). Suppose b*z + 12 = -0*z. Let h be (4/(-3))/(z/90). Calculate the greatest common factor of h and 60.
20
Suppose 3*h + 2*z = 990, 5*z = -45*h + 50*h - 1625. What is the greatest common divisor of h and 8?
8
Suppose 4*c = -4*v + 8, 0 = 6*v - 3*v - 9. Let m be (-14 + -4)*c/1. Let t be (m/24)/(1/96). What is the greatest common divisor of 8 and t?
8
Let g = -9 - -20. Suppose 29*p = 3066 - 833. Calculate the highest common divisor of g and p.
11
Let y = 13 - 5. Suppose 3*m = s - 55, -3*m - 107 = -5*s + 108. Calculate the highest common factor of s and y.
8
Suppose 5*z - 4*b = 50, -3*b + 2*b - 23 = -3*z. Suppose -1 = -z*g + 5*g. Let n be (2 + g)/((-9)/(-45)). What is the greatest common divisor of 90 and n?
15
Suppose 2*w + 364 - 404 = 0. What is the highest common divisor of w and 140?
20
Suppose -2*u = -5*m + 63, -4*u = -m - 5 + 32. Let j(h) = h**3 - 3*h**2 - 5*h - 3. Let q be j(5). What is the highest common factor of q and m?
11
Let r be 1*(-1906)/(-8) - (-1)/(-4). Suppose r = 5*m - 92. What is the greatest common divisor of 6 and m?
6
Suppose -5*l + 6 = -3*l. Suppose -3*v = l*v - 66. What is the highest common divisor of v and 99?
11
Let u(w) = -w**2 + 9*w - 9. Let p be u(3). Suppose p*i = 10*i - 9. Calculate the highest common divisor of i and 3.
3
Suppose -470 = 6167*q - 6172*q. What is the greatest common factor of 1504 and q?
94
Suppose 3*b = 5*x + 442, -2*x = 8*b - 3*b - 716. Let w = b + -32. Calculate the highest common factor of 16 and w.
16
Let w = 78 + -67. Suppose b + 5*q + 0*q - 87 = 0, 3*q - 6 = 0. Calculate the greatest common factor of b and w.
11
Let r = -68 - -15. Let w be (-3)/(-2 + r/(-28)). Let l(q) = -q + 62. Let i be l(-8). What is the greatest common divisor of w and i?
14
Suppose 6 = -3*x - 18. Let r(b) = 2*b**2 + 20*b + 75. Let i be r(x). What is the greatest common factor of 387 and i?
43
Suppose -3*q = -191 + 29. Let k be (-2)/(301/945 - (-5)/(-15)). Calculate the greatest common factor of q and k.
27
Suppose 363*d = 381*d - 2304. Calculate the greatest common divisor of 832 and d.
64
Suppose -259 + 67 = -6*n. What is the highest common factor of 24 and n?
8
Suppose 32*t + 3*n - 448 = 30*t, 3*n = 6. Calculate the highest common factor of 65 and t.
13
Let s = 36 + 164. What is the highest common divisor of 10 and s?
10
Suppose -2*i - 3*v + 9 = 10, -5*i + 20 = 3*v. What is the greatest common factor of i and 329?
7
Let l be (-5)/(15/6) - -6. Let p(v) = -l - v - 2 + 3. Let r be p(-9). What is the greatest common factor of r and 9?
3
Suppose -16*z = -t - 15*z + 86, 4*t - 5*z - 345 = 0. Let h be 1*2*25/10. What is the highest common factor of h and t?
5
Let o(v) = -8*v - 47. Let y be o(-9). Calculate the greatest common divisor of 100 and y.
25
Let u be ((-2)/5*-10 - 3)*37. What is the greatest common factor of u and 37?
37
Let w(i) be the first derivative of 3*i**2/2 + 46*i + 11. Let m be w(15). What is the highest common factor of m and 7?
7
Let y = -61 - -85. Suppose -3*d - 9 = -4*j + y, -d - 19 = -2*j. What is the highest common divisor of 3 and j?
3
Suppose 5*i = 4*d + 57 + 31, 2*d = -i + 12. Suppose 8*m - 11*m + 30 = 0. Let v(h) = 17*h + 6. Let r be v(m). Calculate the highest common divisor of r and i.
16
Let r(l) = l**2 - 25*l + 185. Let d be r(10). Suppose -20 = -3*i + i - 2*k, -4*i + 43 = 5*k. Calculate the greatest common factor of i and d.
7
Let k = -8 + 13. Suppose 1092 = o - k*o. Let x = 405 + o. Calculate the greatest common divisor of 12 and x.
12
Let g = -8 + 13. Let j = 34 + -19. Suppose -z + 2*s - 5 = 0, 3*z = -z + s + j. What is the greatest common divisor of